6?
5
What is the ten thousands digit of 162567148?
6
What is the millions digit of 43436816?
3
What is the millions digit of 3388129137?
8
What is the tens digit of 3483102872?
7
What is the millions digit of 35434505?
5
What is the units digit of 220452090?
0
What is the hundred millions digit of 462655465?
4
What is the tens digit of 31105603?
0
What is the millions digit of 5286535588?
6
What is the billions digit of 6256892623?
6
What is the millions digit of 30044015?
0
What is the units digit of 1115487259?
9
What is the ten thousands digit of 513307074?
0
What is the units digit of 3936293363?
3
What is the hundred millions digit of 333824094?
3
What is the tens digit of 69348701?
0
What is the millions digit of 3149388612?
9
What is the millions digit of 76019189?
6
What is the ten millions digit of 88311069?
8
What is the ten millions digit of 240021957?
4
What is the tens digit of 40393597?
9
What is the billions digit of 2621292709?
2
What is the tens digit of 614806588?
8
What is the units digit of 63570269?
9
What is the tens digit of 27096553?
5
What is the ten thousands digit of 89085594?
8
What is the ten millions digit of 42183806?
4
What is the billions digit of 1009591107?
1
What is the billions digit of 1320012325?
1
What is the tens digit of 255715975?
7
What is the tens digit of 7732841?
4
What is the millions digit of 115678422?
5
What is the ten thousands digit of 114572996?
7
What is the units digit of 28901364?
4
What is the units digit of 684388256?
6
What is the hundred thousands digit of 693153020?
1
What is the hundreds digit of 260604844?
8
What is the ten millions digit of 6330610490?
3
What is the tens digit of 245033438?
3
What is the tens digit of 15171401?
0
What is the hundred thousands digit of 1804547617?
5
What is the thousands digit of 752701846?
1
What is the millions digit of 137496489?
7
What is the tens digit of 4323857116?
1
What is the tens digit of 772508835?
3
What is the thousands digit of 86358491?
8
What is the ten millions digit of 969487180?
6
What is the units digit of 16392145?
5
What is the ten thousands digit of 37870408?
7
What is the thousands digit of 3490302983?
2
What is the units digit of 650057580?
0
What is the units digit of 173039100?
0
What is the tens digit of 49630377?
7
What is the tens digit of 678058660?
6
What is the millions digit of 28693082?
8
What is the hundreds digit of 31552797?
7
What is the units digit of 2893031427?
7
What is the hundreds digit of 1111964164?
1
What is the tens digit of 2430077519?
1
What is the hundreds digit of 68162067?
0
What is the ten thousands digit of 206185067?
8
What is the hundred millions digit of 427726424?
4
What is the tens digit of 1030387680?
8
What is the hundred millions digit of 491554626?
4
What is the thousands digit of 10041440?
1
What is the hundred millions digit of 1010976955?
0
What is the hundreds digit of 172874374?
3
What is the units digit of 111232308?
8
What is the thousands digit of 154351414?
1
What is the hundreds digit of 532612151?
1
What is the ten millions digit of 44499309?
4
What is the tens digit of 72312463?
6
What is the hundred thousands digit of 639931626?
9
What is the thousands digit of 462900795?
0
What is the hundred thousands digit of 212425868?
4
What is the units digit of 309103586?
6
What is the ten millions digit of 71771003?
7
What is the hundred millions digit of 4443696543?
4
What is the millions digit of 4854200335?
4
What is the hundreds digit of 740562669?
6
What is the ten thousands digit of 47688463?
8
What is the thousands digit of 2328189?
8
What is the hundred thousands digit of 1293761134?
7
What is the thousands digit of 30769694?
9
What is the hundred thousands digit of 50085658?
0
What is the millions digit of 206541720?
6
What is the ten thousands digit of 16502449?
0
What is the hundred thousands digit of 41844625?
8
What is the ten thousands digit of 1962780770?
8
What is the hundred thousands digit of 18165764?
1
What is the billions digit of 2508194392?
2
What is the hundreds digit of 19540249?
2
What is the thousands digit of 335784833?
4
What is the millions digit of 11812680?
1
What is the hundred thousands digit of 3931486917?
4
What is the hundred thousands digit of 4307312138?
3
What is the ten thousands digit of 84284656?
8
What is the thousands digit of 528629792?
9
What is the ten millions digit of 139950286?
3
What is the hundreds digit of 187751202?
2
What is the billions digit of 1720915430?
1
What is the hundred thousands digit of 87842780?
8
What is the hundreds digit of 137474490?
4
What is the hundreds digit of 48837579?
5
What is the ten millions digit of 3962175283?
6
What is the thousands digit of 1383785015?
5
What is the millions digit of 109170595?
9
What is the hundreds digit of 4985929484?
4
What is the ten thousands digit of 6427787?
2
What is the millions digit of 423415206?
3
What is the units digit of 643816524?
4
What is the thousands digit of 194354258?
4
What is the millions digit of 83500378?
3
What is the thousands digit of 1801115505?
5
What is the units digit of 349510081?
1
What is the ten millions digit of 3737817996?
3
What is the hundreds digit of 378801561?
5
What is the billions digit of 1479048930?
1
What is the millions digit of 891777613?
1
What is the ten thousands digit of 444959549?
5
What is the hundreds digit of 728809648?
6
What is the thousands digit of 10708904?
8
What is the tens digit of 310130288?
8
What is the hundred millions digit of 173621841?
1
What is the millions digit of 17721116?
7
What is the hundred thousands digit of 1331526859?
5
What is the tens digit of 862028554?
5
What is the ten thousands digit of 5750562265?
6
What is the ten thousands digit of 929705761?
0
What is the ten thousands digit of 259585678?
8
What is the tens digit of 2413159314?
1
What is the ten millions digit of 95749597?
9
What is the hundreds digit of 426192746?
7
What is the tens digit of 56942710?
1
What is the millions digit of 4716604640?
6
What is the hundred millions digit of 468976008?
4
What is the hundred thousands digit of 347367030?
3
What is the hundred thousands digit of 608371462?
3
What is the hundreds digit of 2188446647?
6
What is the millions digit of 75594045?
5
What is the ten thousands digit of 42493919?
9
What is the hundreds digit of 45898610?
6
What is the hundred thousands digit of 35082091?
0
What is the tens digit of 29828065?
6
What is the units digit of 651280059?
9
What is the ten millions digit of 41272740?
4
What is the ten millions digit of 492767738?
9
What is the hundred millions digit of 128005551?
1
What is the hundred thousands digit of 956157848?
1
What is the millions digit of 28112102?
8
What is the billions digit of 4748366534?
4
What is the ten thousands digit of 79733998?
3
What is the ten thousands digit of 590033313?
3
What is the hundred millions digit of 2520978010?
5
What is the hundred thousands digit of 21588973?
5
What is the units digit of 842378919?
9
What is the millions digit of 154805998?
4
What is the hundred thousands digit of 1550015211?
0
What is the hundred thousands digit of 10344927?
3
What is the billions digit of 1251103311?
1
What is the hundred thousands digit of 1538947911?
9
What is the ten millions digit of 1141380299?
4
What is the millions digit of 5462025?
5
What is the hundreds digit of 36039453?
4
What is the tens digit of 8354145060?
6
What is the thousands digit of 557402854?
2
What is the tens digit of 743738?
3
What is the units digit of 341279346?
6
What is the hundred millions digit of 888902869?
8
What is the tens digit of 26905022?
2
What is the hundred millions digit of 228927696?
2
What is the units digit of 501854759?
9
What is the tens digit of 1744961088?
8
What is the hundred thousands digit of 2308430758?
4
What is the tens digit of 31010379?
7
What is the units digit of 39914904?
4
What is the tens digit of 34164290?
9
What is the tens digit of 4728020?
2
What is the thousands digit of 1541091987?
1
What is the units digit of 112129835?
5
What is the units digit of 3886094432?
2
What is the ten thousands digit of 125763257?
6
What is the units digit of 1110824509?
9
What is the millions digit of 46344154?
6
What is the ten thousands d